{"id":2797,"date":"2024-10-23T20:02:16","date_gmt":"2024-10-23T20:02:16","guid":{"rendered":"https:\/\/tupatu.cl\/?page_id=2797"},"modified":"2024-10-23T20:09:46","modified_gmt":"2024-10-23T20:09:46","slug":"europa","status":"publish","type":"page","link":"https:\/\/tupatu.cl\/index.php\/europa\/","title":{"rendered":"Europa"},"content":{"rendered":"\t\t<div data-elementor-type=\"wp-page\" data-elementor-id=\"2797\" class=\"elementor elementor-2797\" data-elementor-post-type=\"page\">\n\t\t\t\t\t\t<section class=\"elementor-section elementor-top-section elementor-element elementor-element-7c31a9d1 elementor-section-boxed elementor-section-height-default elementor-section-height-default\" data-id=\"7c31a9d1\" data-element_type=\"section\" data-e-type=\"section\">\n\t\t\t\t\t\t<div class=\"elementor-container elementor-column-gap-no\">\n\t\t\t\t\t<div class=\"elementor-column elementor-col-50 elementor-top-column elementor-element elementor-element-2556a1a8\" data-id=\"2556a1a8\" data-element_type=\"column\" data-e-type=\"column\">\n\t\t\t<div class=\"elementor-widget-wrap elementor-element-populated\">\n\t\t\t\t\t\t<section class=\"elementor-section elementor-inner-section elementor-element elementor-element-6fc62d44 elementor-section-boxed elementor-section-height-default elementor-section-height-default\" data-id=\"6fc62d44\" data-element_type=\"section\" data-e-type=\"section\">\n\t\t\t\t\t\t<div class=\"elementor-container elementor-column-gap-no\">\n\t\t\t\t\t<div class=\"elementor-column elementor-col-100 elementor-inner-column elementor-element elementor-element-76c019d\" data-id=\"76c019d\" data-element_type=\"column\" data-e-type=\"column\">\n\t\t\t<div class=\"elementor-widget-wrap elementor-element-populated\">\n\t\t\t\t\t\t<div class=\"elementor-element elementor-element-410ba08c elementor-widget elementor-widget-heading\" data-id=\"410ba08c\" data-element_type=\"widget\" data-e-type=\"widget\" data-widget_type=\"heading.default\">\n\t\t\t\t<div class=\"elementor-widget-container\">\n\t\t\t\t\t<h2 class=\"elementor-heading-title elementor-size-default\">Programa Grande Europa!<\/h2>\t\t\t\t<\/div>\n\t\t\t\t<\/div>\n\t\t\t\t<div class=\"elementor-element elementor-element-7c2b1b7c elementor-widget elementor-widget-image\" data-id=\"7c2b1b7c\" data-element_type=\"widget\" data-e-type=\"widget\" data-widget_type=\"image.default\">\n\t\t\t\t<div class=\"elementor-widget-container\">\n\t\t\t\t\t\t\t\t\t\t\t\t\t\t\t<img fetchpriority=\"high\" decoding=\"async\" width=\"800\" height=\"450\" src=\"https:\/\/tupatu.cl\/wp-content\/uploads\/2024\/10\/e2c93cc1-city-19865-14f8f9d7e6b-1024x576.jpg\" class=\"attachment-large size-large wp-image-2791\" alt=\"\" srcset=\"https:\/\/tupatu.cl\/wp-content\/uploads\/2024\/10\/e2c93cc1-city-19865-14f8f9d7e6b-1024x576.jpg 1024w, https:\/\/tupatu.cl\/wp-content\/uploads\/2024\/10\/e2c93cc1-city-19865-14f8f9d7e6b-300x169.jpg 300w, https:\/\/tupatu.cl\/wp-content\/uploads\/2024\/10\/e2c93cc1-city-19865-14f8f9d7e6b-768x432.jpg 768w, https:\/\/tupatu.cl\/wp-content\/uploads\/2024\/10\/e2c93cc1-city-19865-14f8f9d7e6b-600x337.jpg 600w, https:\/\/tupatu.cl\/wp-content\/uploads\/2024\/10\/e2c93cc1-city-19865-14f8f9d7e6b.jpg 1366w\" sizes=\"(max-width: 800px) 100vw, 800px\" \/>\t\t\t\t\t\t\t\t\t\t\t\t\t\t\t<\/div>\n\t\t\t\t<\/div>\n\t\t\t\t<div class=\"elementor-element elementor-element-512ba802 elementor-align-center elementor-icon-list--layout-inline elementor-list-item-link-full_width elementor-widget elementor-widget-icon-list\" data-id=\"512ba802\" data-element_type=\"widget\" data-e-type=\"widget\" data-widget_type=\"icon-list.default\">\n\t\t\t\t<div class=\"elementor-widget-container\">\n\t\t\t\t\t\t\t<ul class=\"elementor-icon-list-items elementor-inline-items\">\n\t\t\t\t\t\t\t<li class=\"elementor-icon-list-item elementor-inline-item\">\n\t\t\t\t\t\t\t\t\t\t\t<span class=\"elementor-icon-list-icon\">\n\t\t\t\t\t\t\t<i aria-hidden=\"true\" class=\"far fa-clock\"><\/i>\t\t\t\t\t\t<\/span>\n\t\t\t\t\t\t\t\t\t\t<span class=\"elementor-icon-list-text\">17 dias \/ 16 noches<\/span>\n\t\t\t\t\t\t\t\t\t<\/li>\n\t\t\t\t\t\t<\/ul>\n\t\t\t\t\t\t<\/div>\n\t\t\t\t<\/div>\n\t\t\t\t<div class=\"elementor-element elementor-element-b223789 elementor-tabs-view-horizontal elementor-widget elementor-widget-tabs\" data-id=\"b223789\" data-element_type=\"widget\" data-e-type=\"widget\" data-widget_type=\"tabs.default\">\n\t\t\t\t<div class=\"elementor-widget-container\">\n\t\t\t\t\t\t\t<div class=\"elementor-tabs\">\n\t\t\t<div class=\"elementor-tabs-wrapper\" role=\"tablist\" >\n\t\t\t\t\t\t\t\t\t<div id=\"elementor-tab-title-1861\" class=\"elementor-tab-title elementor-tab-desktop-title\" aria-selected=\"true\" data-tab=\"1\" role=\"tab\" tabindex=\"0\" aria-controls=\"elementor-tab-content-1861\" aria-expanded=\"false\">VIAJE INCLUYE<\/div>\n\t\t\t\t\t\t\t<\/div>\n\t\t\t<div class=\"elementor-tabs-content-wrapper\" role=\"tablist\" aria-orientation=\"vertical\">\n\t\t\t\t\t\t\t\t\t<div class=\"elementor-tab-title elementor-tab-mobile-title\" aria-selected=\"true\" data-tab=\"1\" role=\"tab\" tabindex=\"0\" aria-controls=\"elementor-tab-content-1861\" aria-expanded=\"false\">VIAJE INCLUYE<\/div>\n\t\t\t\t\t<div id=\"elementor-tab-content-1861\" class=\"elementor-tab-content elementor-clearfix\" data-tab=\"1\" role=\"tabpanel\" aria-labelledby=\"elementor-tab-title-1861\" tabindex=\"0\" hidden=\"false\"><ul><li>Ticket a\u00e9reo Santiago\/ Madrid\/ Santiago v\u00eda Iberia<\/li><li><strong>Circuito de 16 noches:<\/strong> Burdeos. Par\u00eds. Heidelberg. Munich. Venecia. Florencia. Roma. Niza. Barcelona.<\/li><li>Traslado de llegada y salida aeropuerto Madrid &#8211; Barajas<\/li><li>16 noches de alojamiento en hoteles previstos o similares con desayuno incluido<\/li><li>Recorrido en autob\u00fas con Wi- fi gratuito<\/li><li>Guia acompa\u00f1ante<\/li><li>Visitas seg\u00fan itinerario con guias locales en Madrid, Paris, Venecia, Florencia y Roma<\/li><li>Impuestos a\u00e9reos USD 572 (No comisionable)<\/li><li>1 Maleta de bodega incluida<\/li><li>Tasas municipales en Francia, Italia y Barcelona<\/li><li><strong>Asistencia en viajes de cortes\u00eda (hastas 69 a\u00f1os). <\/strong>Mayores desde 70 a\u00f1os aplica suplemento a pagar.<\/li><li><strong>Kit de viaje de cortes\u00eda<\/strong><\/li><\/ul><p>\u00a0<\/p><p>Salida 15 de marzo 2025<\/p><table width=\"631\"><tbody><tr><td colspan=\"2\" width=\"165\"><p><strong>VUELO<\/strong><\/p><\/td><td width=\"83\"><p><strong>FECHA<\/strong><\/p><\/td><td width=\"139\"><p><strong>RUTA<\/strong><\/p><\/td><td width=\"132\"><p><strong>SALIDA<\/strong><\/p><\/td><td width=\"85\"><p><strong>LLEGADA<\/strong><\/p><\/td><td width=\"26\">\u00a0<\/td><\/tr><tr><td width=\"68\"><p>IDA<\/p><\/td><td width=\"97\"><p>IB 118<\/p><\/td><td width=\"83\"><p>15-mar<\/p><\/td><td width=\"139\"><p>Santiago\/ Madrid<\/p><\/td><td width=\"132\"><p>13:00<\/p><\/td><td width=\"85\"><p>5:40<\/p><\/td><td width=\"26\"><p>+1<\/p><\/td><\/tr><tr><td width=\"68\"><p>REGRESO<\/p><\/td><td width=\"97\"><p><strong>IB 117<\/strong><\/p><\/td><td width=\"83\"><p><strong>01-abr<\/strong><\/p><\/td><td width=\"139\"><p><strong>Madrid \/ Santiago<\/strong><\/p><\/td><td width=\"132\"><p><strong>23:59<\/strong><\/p><\/td><td width=\"85\"><p><strong>08:30<\/strong><\/p><\/td><td width=\"26\"><p>+1<\/p><\/td><\/tr><\/tbody><\/table><p><strong>Condiciones Generales<\/strong><\/p><ul><li>Salida con fecha fija cupos a\u00e9reos y terrestres confirmados<\/li><li>Valores por pasajero en d\u00f3lares<\/li><li><strong>Salidas regulares, grupo se suma a un itinerario con salida fija.<\/strong><\/li><li>Las habitaciones con cama matrimonial o camas twin queda solicitado, no garantizado.<\/li><li>La acomodaci\u00f3n en Triple ser\u00e1 con la adici\u00f3n de una cama extra portable, rollaway. (No recomendado)<\/li><\/ul><ul><li>El itinerario y hoteles podr\u00edan sufrir modificaciones o ser sustituidos por razones de fuerza mayor.<\/li><\/ul><ul><li><strong>Programa valido para reservas hasta el 09 de enero 2025<\/strong>.<\/li><li>Valores para pasajeros viajando en grupo, basado en un m\u00ednimo de 10 pasajeros.<\/li><\/ul><\/div>\n\t\t\t\t\t\t\t<\/div>\n\t\t<\/div>\n\t\t\t\t\t\t<\/div>\n\t\t\t\t<\/div>\n\t\t\t\t<div class=\"elementor-element elementor-element-77134b22 elementor-widget elementor-widget-heading\" data-id=\"77134b22\" data-element_type=\"widget\" data-e-type=\"widget\" data-widget_type=\"heading.default\">\n\t\t\t\t<div class=\"elementor-widget-container\">\n\t\t\t\t\t<h4 class=\"elementor-heading-title elementor-size-default\">GALERIA \/ FOTOS<\/h4>\t\t\t\t<\/div>\n\t\t\t\t<\/div>\n\t\t\t\t<div class=\"elementor-element elementor-element-60810a2e elementor-pagination-position-outside elementor-widget elementor-widget-image-carousel\" data-id=\"60810a2e\" data-element_type=\"widget\" data-e-type=\"widget\" data-settings=\"{&quot;slides_to_show&quot;:&quot;2&quot;,&quot;slides_to_show_tablet&quot;:&quot;3&quot;,&quot;navigation&quot;:&quot;dots&quot;,&quot;image_spacing_custom&quot;:{&quot;unit&quot;:&quot;px&quot;,&quot;size&quot;:15,&quot;sizes&quot;:[]},&quot;autoplay&quot;:&quot;yes&quot;,&quot;pause_on_hover&quot;:&quot;yes&quot;,&quot;pause_on_interaction&quot;:&quot;yes&quot;,&quot;autoplay_speed&quot;:5000,&quot;infinite&quot;:&quot;yes&quot;,&quot;speed&quot;:500,&quot;image_spacing_custom_tablet&quot;:{&quot;unit&quot;:&quot;px&quot;,&quot;size&quot;:&quot;&quot;,&quot;sizes&quot;:[]},&quot;image_spacing_custom_mobile&quot;:{&quot;unit&quot;:&quot;px&quot;,&quot;size&quot;:&quot;&quot;,&quot;sizes&quot;:[]}}\" data-widget_type=\"image-carousel.default\">\n\t\t\t\t<div class=\"elementor-widget-container\">\n\t\t\t\t\t\t\t<div class=\"elementor-image-carousel-wrapper swiper\" role=\"region\" aria-roledescription=\"carousel\" aria-label=\"Carrusel de im\u00e1genes\" dir=\"ltr\">\n\t\t\t<div class=\"elementor-image-carousel swiper-wrapper swiper-image-stretch\" aria-live=\"off\">\n\t\t\t\t\t\t\t\t<div class=\"swiper-slide\" role=\"group\" aria-roledescription=\"slide\" aria-label=\"1 de 3\"><figure class=\"swiper-slide-inner\"><img decoding=\"async\" class=\"swiper-slide-image\" src=\"https:\/\/tupatu.cl\/wp-content\/uploads\/2024\/10\/dreamstime_xxl_89603672-780x470-1.jpg\" alt=\"High spires towers of Tyn church in Prague city (Church of Our Lady before tyn cathedral) urban landscape panorama with red roofs of houses in old town and blue sky with clouds\" \/><\/figure><\/div><div class=\"swiper-slide\" role=\"group\" aria-roledescription=\"slide\" aria-label=\"2 de 3\"><figure class=\"swiper-slide-inner\"><img decoding=\"async\" class=\"swiper-slide-image\" src=\"https:\/\/tupatu.cl\/wp-content\/uploads\/2024\/10\/Paris_20200810140257.jpg\" alt=\"Paris_20200810140257\" \/><\/figure><\/div><div class=\"swiper-slide\" role=\"group\" aria-roledescription=\"slide\" aria-label=\"3 de 3\"><figure class=\"swiper-slide-inner\"><img decoding=\"async\" class=\"swiper-slide-image\" src=\"https:\/\/tupatu.cl\/wp-content\/uploads\/2024\/10\/praga-1.webp\" alt=\"praga-1\" \/><\/figure><\/div>\t\t\t<\/div>\n\t\t\t\t\t\t\t\n\t\t\t\t\t\t\t\t\t<div class=\"swiper-pagination\"><\/div>\n\t\t\t\t\t\t\t\t\t<\/div>\n\t\t\t\t\t\t<\/div>\n\t\t\t\t<\/div>\n\t\t\t\t\t<\/div>\n\t\t<\/div>\n\t\t\t\t\t<\/div>\n\t\t<\/section>\n\t\t\t\t\t<\/div>\n\t\t<\/div>\n\t\t\t\t<div class=\"elementor-column elementor-col-50 elementor-top-column elementor-element elementor-element-48692495\" data-id=\"48692495\" data-element_type=\"column\" data-e-type=\"column\">\n\t\t\t<div class=\"elementor-widget-wrap elementor-element-populated\">\n\t\t\t\t\t\t<section class=\"elementor-section elementor-inner-section elementor-element elementor-element-27e81b2a elementor-section-boxed elementor-section-height-default elementor-section-height-default\" data-id=\"27e81b2a\" data-element_type=\"section\" data-e-type=\"section\" data-settings=\"{&quot;background_background&quot;:&quot;classic&quot;}\">\n\t\t\t\t\t\t<div class=\"elementor-container elementor-column-gap-no\">\n\t\t\t\t\t<div class=\"elementor-column elementor-col-100 elementor-inner-column elementor-element elementor-element-4e54a42c\" data-id=\"4e54a42c\" data-element_type=\"column\" data-e-type=\"column\" data-settings=\"{&quot;background_background&quot;:&quot;classic&quot;}\">\n\t\t\t<div class=\"elementor-widget-wrap elementor-element-populated\">\n\t\t\t\t\t\t<div class=\"elementor-element elementor-element-2c34d06b elementor-widget elementor-widget-elementskit-heading\" data-id=\"2c34d06b\" data-element_type=\"widget\" data-e-type=\"widget\" data-widget_type=\"elementskit-heading.default\">\n\t\t\t\t<div class=\"elementor-widget-container\">\n\t\t\t\t\t<div class=\"ekit-wid-con\" ><div class=\"ekit-heading elementskit-section-title-wraper text_center   ekit_heading_tablet-   ekit_heading_mobile-\"><h5 class=\"ekit-heading--title elementskit-section-title \">Desde: <span><span>$3,450<\/span><\/span> USD \/ por persona<\/h5><\/div><\/div>\t\t\t\t<\/div>\n\t\t\t\t<\/div>\n\t\t\t\t\t<\/div>\n\t\t<\/div>\n\t\t\t\t\t<\/div>\n\t\t<\/section>\n\t\t\t\t<section class=\"elementor-section elementor-inner-section elementor-element elementor-element-a926c1d elementor-section-boxed elementor-section-height-default elementor-section-height-default\" data-id=\"a926c1d\" data-element_type=\"section\" data-e-type=\"section\">\n\t\t\t\t\t\t<div class=\"elementor-container elementor-column-gap-default\">\n\t\t\t\t\t<div class=\"elementor-column elementor-col-100 elementor-inner-column elementor-element elementor-element-4f94adb4\" data-id=\"4f94adb4\" data-element_type=\"column\" data-e-type=\"column\">\n\t\t\t<div class=\"elementor-widget-wrap elementor-element-populated\">\n\t\t\t\t\t\t<div class=\"elementor-element elementor-element-63d3c8a5 elementor-widget elementor-widget-google_maps\" data-id=\"63d3c8a5\" data-element_type=\"widget\" data-e-type=\"widget\" data-widget_type=\"google_maps.default\">\n\t\t\t\t<div class=\"elementor-widget-container\">\n\t\t\t\t\t\t\t<div class=\"elementor-custom-embed\">\n\t\t\t<iframe loading=\"lazy\"\n\t\t\t\t\tsrc=\"https:\/\/maps.google.com\/maps?q=madrid&#038;t=m&#038;z=10&#038;output=embed&#038;iwloc=near\"\n\t\t\t\t\ttitle=\"madrid\"\n\t\t\t\t\taria-label=\"madrid\"\n\t\t\t><\/iframe>\n\t\t<\/div>\n\t\t\t\t\t\t<\/div>\n\t\t\t\t<\/div>\n\t\t\t\t\t<\/div>\n\t\t<\/div>\n\t\t\t\t\t<\/div>\n\t\t<\/section>\n\t\t\t\t\t<\/div>\n\t\t<\/div>\n\t\t\t\t\t<\/div>\n\t\t<\/section>\n\t\t\t\t<\/div>\n\t\t","protected":false},"excerpt":{"rendered":"<p>Programa Grande Europa! 17 dias \/ 16 noches VIAJE INCLUYE VIAJE INCLUYE Ticket a\u00e9reo Santiago\/ Madrid\/ Santiago v\u00eda Iberia Circuito de 16 noches: Burdeos. Par\u00eds. Heidelberg. Munich. Venecia. Florencia. Roma. Niza. Barcelona. Traslado de llegada y salida aeropuerto Madrid &#8211; Barajas 16 noches de alojamiento en hoteles previstos o similares con desayuno incluido Recorrido en [&hellip;]<\/p>\n","protected":false},"author":1,"featured_media":0,"parent":0,"menu_order":0,"comment_status":"closed","ping_status":"closed","template":"","meta":{"footnotes":""},"class_list":["post-2797","page","type-page","status-publish","hentry"],"_links":{"self":[{"href":"https:\/\/tupatu.cl\/index.php\/wp-json\/wp\/v2\/pages\/2797","targetHints":{"allow":["GET"]}}],"collection":[{"href":"https:\/\/tupatu.cl\/index.php\/wp-json\/wp\/v2\/pages"}],"about":[{"href":"https:\/\/tupatu.cl\/index.php\/wp-json\/wp\/v2\/types\/page"}],"author":[{"embeddable":true,"href":"https:\/\/tupatu.cl\/index.php\/wp-json\/wp\/v2\/users\/1"}],"replies":[{"embeddable":true,"href":"https:\/\/tupatu.cl\/index.php\/wp-json\/wp\/v2\/comments?post=2797"}],"version-history":[{"count":7,"href":"https:\/\/tupatu.cl\/index.php\/wp-json\/wp\/v2\/pages\/2797\/revisions"}],"predecessor-version":[{"id":2807,"href":"https:\/\/tupatu.cl\/index.php\/wp-json\/wp\/v2\/pages\/2797\/revisions\/2807"}],"wp:attachment":[{"href":"https:\/\/tupatu.cl\/index.php\/wp-json\/wp\/v2\/media?parent=2797"}],"curies":[{"name":"wp","href":"https:\/\/api.w.org\/{rel}","templated":true}]}}