{"id":2873,"date":"2025-01-21T23:55:24","date_gmt":"2025-01-21T23:55:24","guid":{"rendered":"https:\/\/tupatu.cl\/?page_id=2873"},"modified":"2025-06-19T15:04:02","modified_gmt":"2025-06-19T15:04:02","slug":"navegacion-glaciares-balmaceda-y-serrano","status":"publish","type":"page","link":"https:\/\/tupatu.cl\/index.php\/navegacion-glaciares-balmaceda-y-serrano\/","title":{"rendered":"Navegaci\u00f3n Glaciares Balmaceda y Serrano"},"content":{"rendered":"\t\t<div data-elementor-type=\"wp-page\" data-elementor-id=\"2873\" class=\"elementor elementor-2873\" data-elementor-post-type=\"page\">\n\t\t\t\t\t\t<section class=\"elementor-section elementor-top-section elementor-element elementor-element-25a383c2 elementor-section-boxed elementor-section-height-default elementor-section-height-default\" data-id=\"25a383c2\" data-element_type=\"section\" data-e-type=\"section\">\n\t\t\t\t\t\t<div class=\"elementor-container elementor-column-gap-no\">\n\t\t\t\t\t<div class=\"elementor-column elementor-col-50 elementor-top-column elementor-element elementor-element-f9d0700\" data-id=\"f9d0700\" data-element_type=\"column\" data-e-type=\"column\">\n\t\t\t<div class=\"elementor-widget-wrap elementor-element-populated\">\n\t\t\t\t\t\t<section class=\"elementor-section elementor-inner-section elementor-element elementor-element-2d7170d0 elementor-section-boxed elementor-section-height-default elementor-section-height-default\" data-id=\"2d7170d0\" data-element_type=\"section\" data-e-type=\"section\">\n\t\t\t\t\t\t<div class=\"elementor-container elementor-column-gap-no\">\n\t\t\t\t\t<div class=\"elementor-column elementor-col-100 elementor-inner-column elementor-element elementor-element-2090c584\" data-id=\"2090c584\" data-element_type=\"column\" data-e-type=\"column\">\n\t\t\t<div class=\"elementor-widget-wrap elementor-element-populated\">\n\t\t\t\t\t\t<div class=\"elementor-element elementor-element-67a051c0 elementor-widget elementor-widget-heading\" data-id=\"67a051c0\" data-element_type=\"widget\" data-e-type=\"widget\" data-widget_type=\"heading.default\">\n\t\t\t\t<div class=\"elementor-widget-container\">\n\t\t\t\t\t<h2 class=\"elementor-heading-title elementor-size-default\">Navegaci\u00f3n Glaciares Balmaceda y Serrano<\/h2>\t\t\t\t<\/div>\n\t\t\t\t<\/div>\n\t\t\t\t<div class=\"elementor-element elementor-element-72522381 elementor-widget elementor-widget-image\" data-id=\"72522381\" data-element_type=\"widget\" data-e-type=\"widget\" data-widget_type=\"image.default\">\n\t\t\t\t<div class=\"elementor-widget-container\">\n\t\t\t\t\t\t\t\t\t\t\t\t\t\t\t<img fetchpriority=\"high\" decoding=\"async\" width=\"800\" height=\"530\" src=\"https:\/\/tupatu.cl\/wp-content\/uploads\/2025\/01\/navegacion-glaciares-balmaceda-y-serrano-01.jpeg\" class=\"attachment-large size-large wp-image-2878\" alt=\"\" srcset=\"https:\/\/tupatu.cl\/wp-content\/uploads\/2025\/01\/navegacion-glaciares-balmaceda-y-serrano-01.jpeg 830w, https:\/\/tupatu.cl\/wp-content\/uploads\/2025\/01\/navegacion-glaciares-balmaceda-y-serrano-01-300x199.jpeg 300w, https:\/\/tupatu.cl\/wp-content\/uploads\/2025\/01\/navegacion-glaciares-balmaceda-y-serrano-01-768x509.jpeg 768w, https:\/\/tupatu.cl\/wp-content\/uploads\/2025\/01\/navegacion-glaciares-balmaceda-y-serrano-01-600x398.jpeg 600w\" sizes=\"(max-width: 800px) 100vw, 800px\" \/>\t\t\t\t\t\t\t\t\t\t\t\t\t\t\t<\/div>\n\t\t\t\t<\/div>\n\t\t\t\t<div class=\"elementor-element elementor-element-7620ebd elementor-align-center elementor-icon-list--layout-inline elementor-list-item-link-full_width elementor-widget elementor-widget-icon-list\" data-id=\"7620ebd\" data-element_type=\"widget\" data-e-type=\"widget\" data-widget_type=\"icon-list.default\">\n\t\t\t\t<div class=\"elementor-widget-container\">\n\t\t\t\t\t\t\t<ul class=\"elementor-icon-list-items elementor-inline-items\">\n\t\t\t\t\t\t\t<li class=\"elementor-icon-list-item elementor-inline-item\">\n\t\t\t\t\t\t\t\t\t\t\t<span class=\"elementor-icon-list-icon\">\n\t\t\t\t\t\t\t<i aria-hidden=\"true\" class=\"far fa-clock\"><\/i>\t\t\t\t\t\t<\/span>\n\t\t\t\t\t\t\t\t\t\t<span class=\"elementor-icon-list-text\">FULL DAY<\/span>\n\t\t\t\t\t\t\t\t\t<\/li>\n\t\t\t\t\t\t<\/ul>\n\t\t\t\t\t\t<\/div>\n\t\t\t\t<\/div>\n\t\t\t\t<div class=\"elementor-element elementor-element-acf0010 elementor-tabs-view-horizontal elementor-widget elementor-widget-tabs\" data-id=\"acf0010\" data-element_type=\"widget\" data-e-type=\"widget\" data-widget_type=\"tabs.default\">\n\t\t\t\t<div class=\"elementor-widget-container\">\n\t\t\t\t\t\t\t<div class=\"elementor-tabs\">\n\t\t\t<div class=\"elementor-tabs-wrapper\" role=\"tablist\" >\n\t\t\t\t\t\t\t\t\t<div id=\"elementor-tab-title-1811\" class=\"elementor-tab-title elementor-tab-desktop-title\" aria-selected=\"true\" data-tab=\"1\" role=\"tab\" tabindex=\"0\" aria-controls=\"elementor-tab-content-1811\" aria-expanded=\"false\">VIAJE INCLUYE<\/div>\n\t\t\t\t\t\t\t\t\t<div id=\"elementor-tab-title-1812\" class=\"elementor-tab-title elementor-tab-desktop-title\" aria-selected=\"false\" data-tab=\"2\" role=\"tab\" tabindex=\"-1\" aria-controls=\"elementor-tab-content-1812\" aria-expanded=\"false\">ITINERARIO<\/div>\n\t\t\t\t\t\t\t\t\t<div id=\"elementor-tab-title-1813\" class=\"elementor-tab-title elementor-tab-desktop-title\" aria-selected=\"false\" data-tab=\"3\" role=\"tab\" tabindex=\"-1\" aria-controls=\"elementor-tab-content-1813\" aria-expanded=\"false\">RECOMENDACION<\/div>\n\t\t\t\t\t\t\t\t\t<div id=\"elementor-tab-title-1814\" class=\"elementor-tab-title elementor-tab-desktop-title\" aria-selected=\"false\" data-tab=\"4\" role=\"tab\" tabindex=\"-1\" aria-controls=\"elementor-tab-content-1814\" aria-expanded=\"false\">VESTIMENTA<\/div>\n\t\t\t\t\t\t\t<\/div>\n\t\t\t<div class=\"elementor-tabs-content-wrapper\" role=\"tablist\" aria-orientation=\"vertical\">\n\t\t\t\t\t\t\t\t\t<div class=\"elementor-tab-title elementor-tab-mobile-title\" aria-selected=\"true\" data-tab=\"1\" role=\"tab\" tabindex=\"0\" aria-controls=\"elementor-tab-content-1811\" aria-expanded=\"false\">VIAJE INCLUYE<\/div>\n\t\t\t\t\t<div id=\"elementor-tab-content-1811\" class=\"elementor-tab-content elementor-clearfix\" data-tab=\"1\" role=\"tabpanel\" aria-labelledby=\"elementor-tab-title-1811\" tabindex=\"0\" hidden=\"false\"><ul><li>Caf\u00e9, T\u00e9 , Jugo a Bordo.<\/li><li>Aperitivo con Whisky Hielo del Glaciar.<\/li><li>Charla de seguridad.<\/li><li>Trekking Mirador Glaciar Serrano.<\/li><li>Almuerzo en Estancia Perales.<\/li><li>Gu\u00edas con certificaci\u00f3n WFR.<\/li><li>Entradas P.N. Bernardo O&#8217;Higgns.<\/li><li>Seguro de Navegaci\u00f3n.<\/li><\/ul><p style=\"text-align: center;\"><strong>Datos Importantes<\/strong><\/p><ul><li>La Navegaci\u00f3n esta sujeta a condiciones clim\u00e1ticas.<\/li><li>Los pasajeros deber\u00e1n llevar guantes y gorro.<\/li><li>Las horas son aproximadas.<\/li><li>Los d\u00edas 25 de Diciembre, 01 de Enero y Viernes Santo\u00a0<strong>NO<\/strong>\u00a0se realizan servicios de Navegaci\u00f3n al igual que nuestra oficina se encontrara cerrada.<\/li><\/ul><\/div>\n\t\t\t\t\t\t\t\t\t<div class=\"elementor-tab-title elementor-tab-mobile-title\" aria-selected=\"false\" data-tab=\"2\" role=\"tab\" tabindex=\"-1\" aria-controls=\"elementor-tab-content-1812\" aria-expanded=\"false\">ITINERARIO<\/div>\n\t\t\t\t\t<div id=\"elementor-tab-content-1812\" class=\"elementor-tab-content elementor-clearfix\" data-tab=\"2\" role=\"tabpanel\" aria-labelledby=\"elementor-tab-title-1812\" tabindex=\"0\" hidden=\"hidden\"><p><strong>07:00\u00a0<\/strong>Presentaci\u00f3n en agencia 21 de Mayo,ubicada en calle Eberhard 560,Puerto Natales.<\/p><p><strong>08:00\u00a0<\/strong>Navegaci\u00f3n desde Puerto Bories a los glaciares Balmaceda y Serrano, por el Fiordo de Ultima Esperanza, avistamiento de hermosas monta\u00f1as, cascadas, estancias y avifauna patag\u00f3nica.<\/p><p><strong>11:00\u00a0<\/strong>Vista Glaciar Balmaceda<\/p><p><strong>11:30\u00a0<\/strong>Visita al Glaciar Serrano. Caminata por frondoso bosque de coihues y \u00f1irres hasta los pies del glaciar.<\/p><p><strong>12:30\u00a0<\/strong>Retorno de glaciar Serrano a Estancia Perales, mientras se disfruta del aperitivo a bordo.<\/p><p><strong>13:00\u00a0<\/strong>Retorno de glaciar Serrano a Estancia Perales, mientras se disfruta del aperitivo a bordo.<\/p><p><strong>14:00\u00a0<\/strong>Almuerzo en Estancia Tur\u00edstica Perales.<\/p><p><strong>17:00\u00a0<\/strong>Llegada a Puerto Natales, fin de los servicios.<\/p><p>Fin de los servicios.<\/p><h6>*Las horas son aproximadas<\/h6><\/div>\n\t\t\t\t\t\t\t\t\t<div class=\"elementor-tab-title elementor-tab-mobile-title\" aria-selected=\"false\" data-tab=\"3\" role=\"tab\" tabindex=\"-1\" aria-controls=\"elementor-tab-content-1813\" aria-expanded=\"false\">RECOMENDACION<\/div>\n\t\t\t\t\t<div id=\"elementor-tab-content-1813\" class=\"elementor-tab-content elementor-clearfix\" data-tab=\"3\" role=\"tabpanel\" aria-labelledby=\"elementor-tab-title-1813\" tabindex=\"0\" hidden=\"hidden\"><p>SE RECOMIENDA RESERVA CON UNA SEMANA DE ANTICIPACION<\/p><ul id=\"excursion_precio_details\" class=\"style_star\"><li><div>Los precios de las excursiones est\u00e1n expresados en Pesos Chilenos.<\/div><\/li><li><div>Los ni\u00f1os menores de 2 a\u00f1os est\u00e1n liberados en nuestros servicios.<\/div><\/li><li><div>Los ni\u00f1os entre 2 y 12 a\u00f1os cancelan el 50% de la tarifa<\/div><\/li><\/ul><\/div>\n\t\t\t\t\t\t\t\t\t<div class=\"elementor-tab-title elementor-tab-mobile-title\" aria-selected=\"false\" data-tab=\"4\" role=\"tab\" tabindex=\"-1\" aria-controls=\"elementor-tab-content-1814\" aria-expanded=\"false\">VESTIMENTA<\/div>\n\t\t\t\t\t<div id=\"elementor-tab-content-1814\" class=\"elementor-tab-content elementor-clearfix\" data-tab=\"4\" role=\"tabpanel\" aria-labelledby=\"elementor-tab-title-1814\" tabindex=\"0\" hidden=\"hidden\"><ul><li>Gorro<\/li><li>Bloqueador solar<\/li><li>Primera y segunda capa<\/li><li>Lentes de sol<\/li><li>Chaqueta<\/li><li>Guantes<\/li><li>Pantal\u00f3n y zapatos impermeables.<\/li><\/ul><\/div>\n\t\t\t\t\t\t\t<\/div>\n\t\t<\/div>\n\t\t\t\t\t\t<\/div>\n\t\t\t\t<\/div>\n\t\t\t\t<div class=\"elementor-element elementor-element-1654e371 elementor-widget elementor-widget-heading\" data-id=\"1654e371\" data-element_type=\"widget\" data-e-type=\"widget\" data-widget_type=\"heading.default\">\n\t\t\t\t<div class=\"elementor-widget-container\">\n\t\t\t\t\t<h4 class=\"elementor-heading-title elementor-size-default\">GALERIA \/ FOTOS<\/h4>\t\t\t\t<\/div>\n\t\t\t\t<\/div>\n\t\t\t\t<div class=\"elementor-element elementor-element-6563a6b elementor-pagination-position-outside elementor-widget elementor-widget-image-carousel\" data-id=\"6563a6b\" data-element_type=\"widget\" data-e-type=\"widget\" data-settings=\"{&quot;slides_to_show&quot;:&quot;2&quot;,&quot;slides_to_show_tablet&quot;:&quot;3&quot;,&quot;navigation&quot;:&quot;dots&quot;,&quot;image_spacing_custom&quot;:{&quot;unit&quot;:&quot;px&quot;,&quot;size&quot;:15,&quot;sizes&quot;:[]},&quot;autoplay&quot;:&quot;yes&quot;,&quot;pause_on_hover&quot;:&quot;yes&quot;,&quot;pause_on_interaction&quot;:&quot;yes&quot;,&quot;autoplay_speed&quot;:5000,&quot;infinite&quot;:&quot;yes&quot;,&quot;speed&quot;:500,&quot;image_spacing_custom_tablet&quot;:{&quot;unit&quot;:&quot;px&quot;,&quot;size&quot;:&quot;&quot;,&quot;sizes&quot;:[]},&quot;image_spacing_custom_mobile&quot;:{&quot;unit&quot;:&quot;px&quot;,&quot;size&quot;:&quot;&quot;,&quot;sizes&quot;:[]}}\" data-widget_type=\"image-carousel.default\">\n\t\t\t\t<div class=\"elementor-widget-container\">\n\t\t\t\t\t\t\t<div class=\"elementor-image-carousel-wrapper swiper\" role=\"region\" aria-roledescription=\"carousel\" aria-label=\"Carrusel de im\u00e1genes\" dir=\"ltr\">\n\t\t\t<div class=\"elementor-image-carousel swiper-wrapper swiper-image-stretch\" aria-live=\"off\">\n\t\t\t\t\t\t\t\t<div class=\"swiper-slide\" role=\"group\" aria-roledescription=\"slide\" aria-label=\"1 de 4\"><figure class=\"swiper-slide-inner\"><img decoding=\"async\" class=\"swiper-slide-image\" src=\"https:\/\/tupatu.cl\/wp-content\/uploads\/2025\/01\/navegacion-glaciares-balmaceda-y-serrano-04.jpeg\" alt=\"navegacion-glaciares-balmaceda-y-serrano-04\" \/><\/figure><\/div><div class=\"swiper-slide\" role=\"group\" aria-roledescription=\"slide\" aria-label=\"2 de 4\"><figure class=\"swiper-slide-inner\"><img decoding=\"async\" class=\"swiper-slide-image\" src=\"https:\/\/tupatu.cl\/wp-content\/uploads\/2025\/01\/navegacion-glaciares-balmaceda-y-serrano-06.jpeg\" alt=\"navegacion-glaciares-balmaceda-y-serrano-06\" \/><\/figure><\/div><div class=\"swiper-slide\" role=\"group\" aria-roledescription=\"slide\" aria-label=\"3 de 4\"><figure class=\"swiper-slide-inner\"><img decoding=\"async\" class=\"swiper-slide-image\" src=\"https:\/\/tupatu.cl\/wp-content\/uploads\/2025\/01\/navegacion-glaciares-balmaceda-y-serrano-07.jpeg\" alt=\"navegacion-glaciares-balmaceda-y-serrano-07\" \/><\/figure><\/div><div class=\"swiper-slide\" role=\"group\" aria-roledescription=\"slide\" aria-label=\"4 de 4\"><figure class=\"swiper-slide-inner\"><img decoding=\"async\" class=\"swiper-slide-image\" src=\"https:\/\/tupatu.cl\/wp-content\/uploads\/2025\/01\/navegacion-glaciares-balmaceda-y-serrano-08.jpeg\" alt=\"navegacion-glaciares-balmaceda-y-serrano-08\" \/><\/figure><\/div>\t\t\t<\/div>\n\t\t\t\t\t\t\t\n\t\t\t\t\t\t\t\t\t<div class=\"swiper-pagination\"><\/div>\n\t\t\t\t\t\t\t\t\t<\/div>\n\t\t\t\t\t\t<\/div>\n\t\t\t\t<\/div>\n\t\t\t\t\t<\/div>\n\t\t<\/div>\n\t\t\t\t\t<\/div>\n\t\t<\/section>\n\t\t\t\t\t<\/div>\n\t\t<\/div>\n\t\t\t\t<div class=\"elementor-column elementor-col-50 elementor-top-column elementor-element elementor-element-c0ad208\" data-id=\"c0ad208\" data-element_type=\"column\" data-e-type=\"column\">\n\t\t\t<div class=\"elementor-widget-wrap elementor-element-populated\">\n\t\t\t\t\t\t<section class=\"elementor-section elementor-inner-section elementor-element elementor-element-1e90a098 elementor-section-boxed elementor-section-height-default elementor-section-height-default\" data-id=\"1e90a098\" data-element_type=\"section\" data-e-type=\"section\" data-settings=\"{&quot;background_background&quot;:&quot;classic&quot;}\">\n\t\t\t\t\t\t<div class=\"elementor-container elementor-column-gap-no\">\n\t\t\t\t\t<div class=\"elementor-column elementor-col-100 elementor-inner-column elementor-element elementor-element-164a53af\" data-id=\"164a53af\" data-element_type=\"column\" data-e-type=\"column\" data-settings=\"{&quot;background_background&quot;:&quot;classic&quot;}\">\n\t\t\t<div class=\"elementor-widget-wrap elementor-element-populated\">\n\t\t\t\t\t\t<div class=\"elementor-element elementor-element-291184c3 elementor-widget elementor-widget-elementskit-heading\" data-id=\"291184c3\" data-element_type=\"widget\" data-e-type=\"widget\" data-widget_type=\"elementskit-heading.default\">\n\t\t\t\t<div class=\"elementor-widget-container\">\n\t\t\t\t\t<div class=\"ekit-wid-con\" ><div class=\"ekit-heading elementskit-section-title-wraper text_center   ekit_heading_tablet-   ekit_heading_mobile-\"><h5 class=\"ekit-heading--title elementskit-section-title \"><span><span>$180.000<\/span><\/span> \/ por persona<\/h5><\/div><\/div>\t\t\t\t<\/div>\n\t\t\t\t<\/div>\n\t\t\t\t\t<\/div>\n\t\t<\/div>\n\t\t\t\t\t<\/div>\n\t\t<\/section>\n\t\t\t\t<section class=\"elementor-section elementor-inner-section elementor-element elementor-element-305e77d1 elementor-section-boxed elementor-section-height-default elementor-section-height-default\" data-id=\"305e77d1\" data-element_type=\"section\" data-e-type=\"section\">\n\t\t\t\t\t\t<div class=\"elementor-container elementor-column-gap-default\">\n\t\t\t\t\t<div class=\"elementor-column elementor-col-100 elementor-inner-column elementor-element elementor-element-79b3a1be\" data-id=\"79b3a1be\" data-element_type=\"column\" data-e-type=\"column\">\n\t\t\t<div class=\"elementor-widget-wrap elementor-element-populated\">\n\t\t\t\t\t\t<div class=\"elementor-element elementor-element-23e538f7 elementor-widget elementor-widget-google_maps\" data-id=\"23e538f7\" data-element_type=\"widget\" data-e-type=\"widget\" data-widget_type=\"google_maps.default\">\n\t\t\t\t<div class=\"elementor-widget-container\">\n\t\t\t\t\t\t\t<div class=\"elementor-custom-embed\">\n\t\t\t<iframe loading=\"lazy\"\n\t\t\t\t\tsrc=\"https:\/\/maps.google.com\/maps?q=parque%20nacional%20bernardo&#038;t=m&#038;z=10&#038;output=embed&#038;iwloc=near\"\n\t\t\t\t\ttitle=\"parque nacional bernardo\"\n\t\t\t\t\taria-label=\"parque nacional bernardo\"\n\t\t\t><\/iframe>\n\t\t<\/div>\n\t\t\t\t\t\t<\/div>\n\t\t\t\t<\/div>\n\t\t\t\t\t<\/div>\n\t\t<\/div>\n\t\t\t\t\t<\/div>\n\t\t<\/section>\n\t\t\t\t\t<\/div>\n\t\t<\/div>\n\t\t\t\t\t<\/div>\n\t\t<\/section>\n\t\t\t\t<\/div>\n\t\t","protected":false},"excerpt":{"rendered":"<p>Navegaci\u00f3n Glaciares Balmaceda y Serrano FULL DAY VIAJE INCLUYE ITINERARIO RECOMENDACION VESTIMENTA VIAJE INCLUYE Caf\u00e9, T\u00e9 , Jugo a Bordo. Aperitivo con Whisky Hielo del Glaciar. Charla de seguridad. Trekking Mirador Glaciar Serrano. Almuerzo en Estancia Perales. Gu\u00edas con certificaci\u00f3n WFR. Entradas P.N. Bernardo O&#8217;Higgns. Seguro de Navegaci\u00f3n. Datos Importantes La Navegaci\u00f3n esta sujeta a [&hellip;]<\/p>\n","protected":false},"author":1,"featured_media":0,"parent":0,"menu_order":0,"comment_status":"closed","ping_status":"closed","template":"","meta":{"footnotes":""},"class_list":["post-2873","page","type-page","status-publish","hentry"],"_links":{"self":[{"href":"https:\/\/tupatu.cl\/index.php\/wp-json\/wp\/v2\/pages\/2873","targetHints":{"allow":["GET"]}}],"collection":[{"href":"https:\/\/tupatu.cl\/index.php\/wp-json\/wp\/v2\/pages"}],"about":[{"href":"https:\/\/tupatu.cl\/index.php\/wp-json\/wp\/v2\/types\/page"}],"author":[{"embeddable":true,"href":"https:\/\/tupatu.cl\/index.php\/wp-json\/wp\/v2\/users\/1"}],"replies":[{"embeddable":true,"href":"https:\/\/tupatu.cl\/index.php\/wp-json\/wp\/v2\/comments?post=2873"}],"version-history":[{"count":43,"href":"https:\/\/tupatu.cl\/index.php\/wp-json\/wp\/v2\/pages\/2873\/revisions"}],"predecessor-version":[{"id":2950,"href":"https:\/\/tupatu.cl\/index.php\/wp-json\/wp\/v2\/pages\/2873\/revisions\/2950"}],"wp:attachment":[{"href":"https:\/\/tupatu.cl\/index.php\/wp-json\/wp\/v2\/media?parent=2873"}],"curies":[{"name":"wp","href":"https:\/\/api.w.org\/{rel}","templated":true}]}}